is divided by 25.
21
What is the remainder when 273 is divided by 56?
49
What is the remainder when 38 is divided by 3?
2
What is the remainder when 1289 is divided by 94?
67
What is the remainder when 34 is divided by 15?
4
Calculate the remainder when 779 is divided by 131.
124
What is the remainder when 405 is divided by 59?
51
Calculate the remainder when 329 is divided by 295.
34
Calculate the remainder when 61 is divided by 11.
6
Calculate the remainder when 115 is divided by 31.
22
Calculate the remainder when 521 is divided by 136.
113
Calculate the remainder when 985 is divided by 17.
16
What is the remainder when 307 is divided by 263?
44
What is the remainder when 66 is divided by 5?
1
Calculate the remainder when 796 is divided by 140.
96
What is the remainder when 44 is divided by 24?
20
What is the remainder when 13 is divided by 7?
6
What is the remainder when 180 is divided by 45?
0
What is the remainder when 776 is divided by 41?
38
What is the remainder when 592 is divided by 146?
8
What is the remainder when 97 is divided by 14?
13
Calculate the remainder when 127 is divided by 75.
52
What is the remainder when 171 is divided by 7?
3
What is the remainder when 133 is divided by 16?
5
What is the remainder when 991 is divided by 5?
1
Calculate the remainder when 269 is divided by 46.
39
What is the remainder when 538 is divided by 157?
67
What is the remainder when 30 is divided by 2?
0
Calculate the remainder when 5256 is divided by 22.
20
What is the remainder when 923 is divided by 116?
111
Calculate the remainder when 91 is divided by 79.
12
Calculate the remainder when 105 is divided by 34.
3
What is the remainder when 2234 is divided by 248?
2
Calculate the remainder when 477 is divided by 37.
33
What is the remainder when 392 is divided by 107?
71
Calculate the remainder when 123 is divided by 22.
13
Calculate the remainder when 491 is divided by 17.
15
What is the remainder when 5388 is divided by 62?
56
Calculate the remainder when 145 is divided by 20.
5
Calculate the remainder when 60 is divided by 10.
0
Calculate the remainder when 1269 is divided by 53.
50
Calculate the remainder when 607 is divided by 29.
27
What is the remainder when 380 is divided by 160?
60
Calculate the remainder when 23 is divided by 5.
3
What is the remainder when 486 is divided by 117?
18
Calculate the remainder when 1693 is divided by 27.
19
Calculate the remainder when 479 is divided by 158.
5
What is the remainder when 4277 is divided by 267?
5
Calculate the remainder when 897 is divided by 92.
69
What is the remainder when 869 is divided by 67?
65
Calculate the remainder when 32 is divided by 21.
11
Calculate the remainder when 179 is divided by 21.
11
What is the remainder when 4244 is divided by 13?
6
Calculate the remainder when 202 is divided by 30.
22
Calculate the remainder when 6750 is divided by 16.
14
What is the remainder when 617 is divided by 102?
5
Calculate the remainder when 5456 is divided by 2726.
4
Calculate the remainder when 2797 is divided by 25.
22
Calculate the remainder when 56 is divided by 16.
8
What is the remainder when 198 is divided by 83?
32
What is the remainder when 4727 is divided by 528?
503
Calculate the remainder when 255 is divided by 43.
40
What is the remainder when 74 is divided by 39?
35
What is the remainder when 12471 is divided by 162?
159
What is the remainder when 11 is divided by 7?
4
Calculate the remainder when 373 is divided by 13.
9
What is the remainder when 219 is divided by 17?
15
Calculate the remainder when 25 is divided by 9.
7
What is the remainder when 1136 is divided by 140?
16
What is the remainder when 78 is divided by 16?
14
Calculate the remainder when 47 is divided by 15.
2
What is the remainder when 86 is divided by 81?
5
Calculate the remainder when 1846 is divided by 42.
40
Calculate the remainder when 114 is divided by 17.
12
What is the remainder when 286 is divided by 40?
6
Calculate the remainder when 133 is divided by 72.
61
What is the remainder when 1216 is divided by 257?
188
Calculate the remainder when 172 is divided by 17.
2
What is the remainder when 313 is divided by 307?
6
What is the remainder when 604 is divided by 18?
10
Calculate the remainder when 194 is divided by 13.
12
What is the remainder when 44 is divided by 17?
10
Calculate the remainder when 669 is divided by 134.
133
What is the remainder when 481 is divided by 44?
41
Calculate the remainder when 347 is divided by 99.
50
What is the remainder when 4077 is divided by 60?
57
What is the remainder when 11015 is divided by 12?
11
Calculate the remainder when 432 is divided by 62.
60
Calculate the remainder when 106 is divided by 14.
8
What is the remainder when 145 is divided by 133?
12
What is the remainder when 40 is divided by 28?
12
Calculate the remainder when 49 is divided by 8.
1
Calculate the remainder when 1589 is divided by 106.
105
Calculate the remainder when 2799 is divided by 932.
3
What is the remainder when 204 is divided by 23?
20
Calculate the remainder when 185 is divided by 15.
5
What is the remainder when 757 is divided by 150?
7
Calculate the remainder when 66 is divided by 37.
29
What is the remainder when 14455 is divided by 30?
25
Calculate the remainder when 16316 is divided by 63.
62
Calculate the remainder when 210 is divided by 41.
5
What is the remainder when 60 is divided by 3?
0
What is the remainder when 272 is divided by 25?
22
What is the remainder when 494 is divided by 117?
26
What is the remainder when 1932 is divided by 641?
9
Calculate the remainder when 34 is divided by 10.
4
What is the remainder when 4230 is divided by 51?
48
Calculate the remainder when 7852 is divided by 102.
100
Calculate the remainder when 2304 is divided by 383.
6
What is the remainder when 867 is divided by 25?
17
Calculate the remainder when 111 is divided by 14.
13
What is the remainder when 5734 is divided by 5?
4
Calculate the remainder when 69 is divided by 21.
6
What is the remainder when 1806 is divided by 50?
6
What is the remainder when 1219 is divided by 122?
121
What is the remainder when 401 is divided by 59?
47
Calculate the remainder when 73 is divided by 43.
30
What is the remainder when 77 is divided by 40?
37
Calculate the remainder when 545 is divided by 61.
57
What is the remainder when 109 is divided by 8?
5
What is the remainder when 458 is divided by 142?
32
Calculate the remainder when 8817 is divided by 42.
39
Calculate the remainder when 3103 is divided by 69.
67
Calculate the remainder when 2423 is divided by 134.
11
What is the remainder when 129 is divided by 82?
47
What is the remainder when 1100 is divided by 2?
0
Calculate the remainder when 387 is divided by 28.
23
What is the remainder when 216 is divided by 194?
22
Calculate the remainder when 176 is divided by 68.
40
What is the remainder when 1196 is divided by 9?
8
What is the remainder when 303 is divided by 79?
66
Calculate the remainder when 21 is divided by 3.
0
What is the remainder when 132 is divided by 34?
30
What is the remainder when 13938 is divided by 34?
32
What is the remainder when 621 is divided by 126?
117
What is the remainder when 314 is divided by 100?
14
What is the remainder when 158 is divided by 16?
14
Calculate the remainder when 4097 is divided by 14.
9
What is the remainder when 25860 is divided by 111?
108
Calculate the remainder when 6466 is divided by 154.
152
What is the remainder when 241 is divided by 96?
49
What is the remainder when 8046 is divided by 187?
5
Calculate the remainder when 33 is divided by 7.
5
Calculate the remainder when 139 is divided by 6.
1
What is the remainder when 64 is divided by 33?
31
Calculate the remainder when 8711 is divided by 35.
31
Calculate the remainder when 5074 is divided by 54.
52
Calculate the remainder when 716 is divided by 120.
116
What is the remainder when 48 is divided by 22?
4
Calculate the remainder when 208 is divided by 43.
36
Calculate the remainder when 266 is divided by 43.
8
What is the remainder when 601 is divided by 21?
13
Calculate the remainder when 2519 is divided by 18.
17
Calculate the remainder when 374 is divided by 29.
26
What is the remainder when 427 is divided by 109?
100
What is the rem